t n(y) = 8*y. Let q be n(1). Suppose -q*v = -16*v + 176. Suppose 17*a = v*a - 300. What is the remainder when a is divided by 21?
18
Let c = 37 - 40. Let q(h) = 2*h + 13. Let d be q(c). Suppose -11 = -6*o + d. What is the remainder when 30 is divided by o?
0
Suppose 1230 = 34*x - 51*x + 27*x. What is the remainder when 604 is divided by x?
112
Let a(o) = o - 1. Let s be a(-3). Let r(z) = 1. Let m(n) = -2*n + 12. Let p(g) = 2*m(g) - 14*r(g). Calculate the remainder when p(s) is divided by 7.
5
Let w = 0 + -7. Let g(y) = 0*y**2 - 7 + y - 4*y + 12*y + 2*y**2 + 2*y. What is the remainder when 38 is divided by g(w)?
10
Suppose c = 2*v - 106, 2*v + 2*c = 36 + 64. Let x = v - -105. Let k(h) = h**3 - 4*h**2 + 10*h. Calculate the remainder when x is divided by k(4).
37
Suppose 5*t - 3*t + 5*r - 119 = 0, -t = 3*r - 59. Suppose -22 = -s - y, -3*s - 3*y + y = -t. What is the remainder when 281 is divided by s?
11
Suppose 5*y = w + 90, -y - w + 6 + 12 = 0. Calculate the remainder when (102/(-4) + 0)/(4752/(-22176)) is divided by y.
11
Suppose 0 = -2*g - 3*r + 144, 71*g - r = 73*g - 156. What is the remainder when 206 is divided by g?
44
Let p = 123 + -107. Let x(q) = 2*q**3 + q**2 + 10*q - 10. What is the remainder when x(4) is divided by p?
14
Let r(i) = 2*i + 62. Let v be r(-29). Suppose -4*t = v*p - 464, p - 292 = -4*t + 160. Let w = t + -105. What is the remainder when 26 is divided by w?
5
Let c be 290 - 1 - -6*(-3)/9. Suppose 4*x + 0 - c = -5*a, -5*x = -a - 395. Calculate the remainder when 465 is divided by x.
75
Let x = -11509 + 11822. What is the remainder when x is divided by 40?
33
Let l(k) = 26*k. Let h = -28101 - -28131. What is the remainder when l(2) is divided by h?
22
Suppose -5*u - 18 = 3*r - 74, 3*r + 2*u - 80 = 0. Calculate the remainder when 921 is divided by r.
25
Suppose 682*d = 693*d - 3212. Calculate the remainder when d is divided by 107.
78
What is the remainder when 24784/6*78/104 is divided by 222?
212
Let n = -387 - -402. What is the remainder when 63 is divided by n?
3
Let i(n) = n**3 + 6*n**2 - 5*n. What is the remainder when (-9020)/(-48) + 1/12 is divided by i(-5)?
38
Let r(m) = 5*m**2 - 6*m + 12. Let i be r(-6). Suppose o - i = -3*o. Let a = 128 - o. What is the remainder when a is divided by 24?
23
Suppose -53 + 3 = -r - 5*v, 5*v = -2*r + 95. What is the remainder when 269 is divided by r?
44
Let s = 4 + -2. Suppose -9 = -2*p - 5*z, 2*p + z + s - 23 = 0. What is the remainder when (301/(-7)*3)/(-3) + 0 is divided by p?
7
Let u(h) = h**2 - 7*h + 3. Let w = 3 - -6. Calculate the remainder when ((-12)/(-15))/(2/140) + 1 is divided by u(w).
15
Let u(f) = 124*f + 185. Calculate the remainder when u(2) is divided by 142.
7
Let x = -39 - -75. Let i be (25/10)/5*16. Let z(q) = -q**3 + 9*q**2 + 3*q - 18. Calculate the remainder when z(i) is divided by x.
34
Let i be ((-18)/(-8))/((-9)/(-24)). Let s(x) = -7*x + 3 + 4 + 11*x + x**2 - 10*x. What is the remainder when s(i) is divided by 5?
2
Let a be (-14 + 2/1)*9/(-12). Let x(d) = -16*d + 11*d + 9*d - a. What is the remainder when x(9) is divided by 6?
3
Let o(j) = -443*j - 6172. Calculate the remainder when 594 is divided by o(-14).
24
Suppose -21 = -3*l, 2*k + 225*l = 227*l + 2532. What is the remainder when k is divided by 49?
48
What is the remainder when 241 is divided by ((-17)/(-6))/(227/4086)?
37
Let j(t) = 2*t. Let h be j(4). Let l be 1056/(-272) - -6 - 4/34. What is the remainder when 70 is divided by 6/h - ((-183)/12 - l)?
16
Suppose -5*l + 19*h + 134 = 15*h, -4*l - 12*h + 244 = 0. Let t(w) = -w**3 + 10*w**2 + 12*w + 13. What is the remainder when t(9) is divided by l?
32
Calculate the remainder when 462 is divided by 21*(4 + (15/(-45))/((-1)/(-11))).
0
Let y(d) be the third derivative of 3*d**4/8 + 7*d**3/6 + 4*d**2. Let r be y(-3). Calculate the remainder when (-3)/(r/(-8)*(-6)/110) is divided by 13.
9
Let p = -257 + 391. Let s = 346 - 319. What is the remainder when p is divided by s?
26
What is the remainder when 13325/13 - (69/46)/(1/6) is divided by 272?
200
Let m = -50 - -53. Suppose -3*k - 2*h = -7, 5*k - 3*h + 4 = m*k. Calculate the remainder when 28 is divided by -10*(k + 28/(-20)) - -1.
3
Suppose -4*k = p - 3664 - 616, -k - 5*p + 1089 = 0. What is the remainder when k is divided by 226?
165
Suppose -4 = 2*a + 28. Let l = 26 - a. Let k = 183 + -59. What is the remainder when k is divided by l?
40
Suppose 2 + 62 = 4*n. What is the remainder when 1 + (n - (1 - 0)) is divided by -16 - 3636/(-180) - (-2)/(-10)?
0
Let y = -326 - -349. Suppose -h = -0*h. What is the remainder when (-2751)/(-42) + h + 2/4 is divided by y?
20
Suppose 3*o - 5*a + 7*a + 28 = 0, 0 = -o + 2*a - 12. Let i(x) = -5*x**2 - 53*x. What is the remainder when 117 is divided by i(o)?
27
Suppose -856*g = -2*t - 859*g + 142, -3*g = -2*t + 118. What is the remainder when 75 is divided by t?
10
Let q be (-80)/(-4)*(-1)/2. Let w = q - -27. Calculate the remainder when w is divided by -45*2/(-9) + -5.
2
Suppose 0 = -12*l + 2728 - 148. Calculate the remainder when l is divided by 8.
7
Suppose 0*z + g - 15 = -z, -z + 14 = 2*g. Let l = z - 3. Let m = 220 + -171. What is the remainder when m is divided by l?
10
Let c(x) = 812*x - 2399. What is the remainder when 387/4*(-8)/(-3) is divided by c(3)?
36
Suppose -b + 3 = -2*b, 2*h - 5 = -b. Let y(j) = 8*j - 7. Let u be y(4). Suppose 0 = -5*q + 10*q - u. Calculate the remainder when q is divided by h.
1
Suppose 64 = 6*t - 62. Let m(c) = c**3 + 15*c**2 + 24*c + 32. Let z be m(-14). Let y = 111 + z. Calculate the remainder when t is divided by y.
0
Suppose -2*v + 8*f + 8 = 6*f, 0 = -4*v - 4*f. Suppose 20*g - v*g = 2808. Calculate the remainder when g is divided by 27.
21
Let n = -2941 + 3185. What is the remainder when n is divided by 108?
28
What is the remainder when 4486 is divided by (-6 - -8) + -7 + 2 + 73 + -3?
64
Let w(z) be the second derivative of 1/3*z**3 + 0 + 1/12*z**4 - 4*z**2 + 32*z. What is the remainder when w(-11) is divided by 32?
27
Suppose -260 = 62*o - 42*o. Calculate the remainder when 280 is divided by -22*o/4 - 11/22.
67
Let f = 3045 + -3023. What is the remainder when 191 is divided by f?
15
Let q = -474 - -870. Let d = q + -388. Suppose j - 6*j = -2*y, 0 = 5*y - j - 23. Calculate the remainder when d is divided by y.
3
Let n = 7482 - 7301. Calculate the remainder when n is divided by 128.
53
Let m be (3 - (-44)/(-20))*5. Suppose m*r - 25 - 23 = 0. Suppose -r*l + 13*l - 14 = 0. What is the remainder when 27 is divided by l?
13
Suppose -293 + 46 = -13*l. Suppose 5*g + p = 266, -31 = -5*g + p + 233. What is the remainder when g is divided by l?
15
Suppose -5*n + 2*p = 1, -n = -0*n - p + 2. Let d = 330 + -259. Calculate the remainder when d is divided by n - -1*(15 - 1).
11
Let j(l) = l**3 + 20*l**2 + 6*l + 19. Calculate the remainder when j(-19) is divided by 7.
0
Let w(d) = 66*d**2 + 56*d - 55. Let s(m) = -45*m**2 - 38*m + 37. Let i(g) = 7*s(g) + 5*w(g). What is the remainder when i(-4) is divided by 44?
36
Let v(a) = -a**2 - 173*a + 2084. Calculate the remainder when 5159 is divided by v(11).
59
Let w(v) = -v**3 - 3*v**2 - 2*v - 65. What is the remainder when 65580/300 - ((-4)/10)/1 is divided by w(-6)?
54
Let u be -2 - 26 - (8 - 8). Let r = u - -57. What is the remainder when 84 is divided by r?
26
Suppose 35*x = 709 - 6729. Suppose 5*k - 93 = -q, 0 = k - 5*q - 5 + 2. What is the remainder when (x + 2)*(-2)/5 is divided by k?
14
Suppose 3*k + 141 = 4*x + 737, -126 = x + 5*k. Let t = x - -167. Calculate the remainder when t is divided by (-4)/(3 - (-21)/(-6)).
5
Suppose 0 = -2*k - 12, 2513 = -12*v + 17*v - 3*k. What is the remainder when 2007 is divided by v?
11
Let v(l) = l**3 + 11*l**2 - 67*l - 327. What is the remainder when 695 is divided by v(-12)?
29
Let t(x) = -x**3 + 3*x**2 + 2*x + 7. Let g be 3/(4/(-10) + (-122)/(-380)). Let w = -35 - g. Calculate the remainder when 25 is divided by t(w).
12
Let r be (322/35)/(2/(-10)). Let z = r - -50. Suppose z*b + 24 - 40 = 0. Calculate the remainder when 13 is divided by b.
1
Let d(m) = -m**3 - m**2 + 2*m + 5. Let l be d(-2). Let z(a) = -2*a**3 + 10*a**2 + 11*a - 10. Calculate the remainder when 357 is divided by z(l).
42
Calculate the remainder when 69 is divided by (774/(-903))/(1*(-6)/35